mposite?
True
Is 441764357 composite?
True
Is 33733000373 a composite number?
False
Is 716034031 prime?
True
Is 46910135 composite?
True
Is 239591113 a prime number?
True
Is 81106233203 prime?
True
Is 1542039599 a composite number?
False
Is 26307098437 a prime number?
True
Is 5815731289 prime?
False
Is 2618142343 prime?
True
Is 84118903457 composite?
False
Is 263469421 a prime number?
False
Is 22344606079 a prime number?
True
Is 94911811 a composite number?
False
Is 444427115641 composite?
False
Is 2277796681 a prime number?
True
Is 40809703691 a prime number?
False
Is 106352662331 composite?
True
Is 36611892979 prime?
True
Is 1021428739 a composite number?
False
Is 268380727 a prime number?
True
Is 59062170841 composite?
False
Is 42392643311 a composite number?
True
Is 52404413563 a prime number?
True
Is 26341969631 prime?
True
Is 373412818 a composite number?
True
Is 37302539 a composite number?
True
Is 20091494021 prime?
False
Is 364885673 a composite number?
False
Is 2735355409 composite?
False
Is 682467881 a prime number?
True
Is 4191840563 composite?
True
Is 105916029455 composite?
True
Is 1483055689 prime?
True
Is 18119267 prime?
False
Is 220172771851 a prime number?
False
Is 4635638167 a prime number?
True
Is 4767998933 prime?
False
Is 115340789 prime?
False
Is 51494845771 a composite number?
False
Is 4740240257 prime?
False
Is 75905701583 a composite number?
False
Is 6760969 a prime number?
True
Is 720134083 a prime number?
True
Is 2434799993 composite?
True
Is 550361 a prime number?
False
Is 76431319597 a composite number?
False
Is 8331093187 a prime number?
True
Is 13582128862 a composite number?
True
Is 27079849469 a composite number?
True
Is 26898664682 a composite number?
True
Is 12845096947 composite?
False
Is 7323260111 a composite number?
False
Is 8489635079 a prime number?
True
Is 46174312237 prime?
False
Is 3955226237 a composite number?
False
Is 1773634643 prime?
False
Is 2256228503 composite?
True
Is 7652944291 a composite number?
False
Is 1029218401 composite?
True
Is 33548631577 a prime number?
True
Is 13013839483 composite?
False
Is 759094951 prime?
False
Is 15248199179 a composite number?
False
Is 8156685217 composite?
False
Is 712689503 a prime number?
True
Is 6343685987 a composite number?
False
Is 7613947123 prime?
True
Is 13949939821 composite?
True
Is 491092738 composite?
True
Is 27755721677 composite?
True
Is 6208191737 a prime number?
False
Is 180758681 composite?
False
Is 1840165193 a prime number?
False
Is 1198797487 a composite number?
True
Is 2012371849 prime?
False
Is 940942943 composite?
False
Is 3245900939 a composite number?
True
Is 3143568871 a composite number?
True
Is 3066072257 a composite number?
False
Is 149027159 a prime number?
True
Is 17401797841 a prime number?
True
Is 74707049 a prime number?
True
Is 3868688779 a composite number?
False
Is 1324883353 composite?
False
Is 68521040509 composite?
False
Is 4887306913 a prime number?
True
Is 552027527 composite?
False
Is 59269670191 a composite number?
False
Is 3731320289 a prime number?
True
Is 32758374833 composite?
True
Is 33152599429 prime?
False
Is 13253321063 composite?
False
Is 169660033 prime?
False
Is 2179831673 prime?
False
Is 15572883173 a composite number?
True
Is 4971391541 composite?
True
Is 4280327101 a prime number?
False
Is 35869447 composite?
False
Is 1042967347 prime?
True
Is 1389002567 a prime number?
True
Is 136199806 a composite number?
True
Is 275667179 composite?
False
Is 25537639061 a prime number?
False
Is 239785379 composite?
False
Is 759307253 a composite number?
True
Is 18572028851 a prime number?
True
Is 9313790963 a prime number?
True
Is 68246406986 composite?
True
Is 2082404677 prime?
False
Is 3064339879 a prime number?
False
Is 27738854057 a composite number?
True
Is 220867649 composite?
True
Is 2722542187 composite?
True
Is 1467596657 prime?
False
Is 404282257 composite?
False
Is 2854881229 a prime number?
True
Is 72892279 a prime number?
True
Is 12212186739 composite?
True
Is 745937189 composite?
True
Is 1769008469 composite?
False
Is 11767168869 a composite number?
True
Is 276416131 composite?
False
Is 17478847 a prime number?
True
Is 48740826478 prime?
False
Is 5504413543 a composite number?
True
Is 104058123401 composite?
True
Is 1011473405 a prime number?
False
Is 62119147 prime?
True
Is 272080091 composite?
True
Is 455170939 a composite number?
False
Is 37183671997 prime?
True
Is 1567653529 composite?
True
Is 138436534213 a prime number?
True
Is 5226443581 a composite number?
True
Is 979207057 composite?
False
Is 100159555351 prime?
False
Is 1892845999 composite?
True
Is 2809907239 composite?
True
Is 1291248323 prime?
True
Is 115660580899 a composite number?
True
Is 2574899573 a prime number?
True
Is 39887741287 prime?
False
Is 110882311 composite?
False
Is 1330457 prime?
False
Is 6124297343 composite?
True
Is 21195135263 a prime number?
False
Is 465558473 prime?
False
Is 48296874217 composite?
True
Is 221828347 a composite number?
True
Is 5232766541 a prime number?
True
Is 1776597671 composite?
True
Is 427403017 composite?
True
Is 2394837799 prime?
True
Is 22133790739 a composite number?
True
Is 35678551547 prime?
False
Is 149613283 composite?
True
Is 2038966015 prime?
False
Is 5556653897 a prime number?
True
Is 6784605631 prime?
False
Is 2853193874 composite?
True
Is 5256975469 a composite number?
True
Is 1033839101 composite?
False
Is 9117666319 a prime number?
True
Is 872991167 prime?
True
Is 756435269 a prime number?
True
Is 3500913637 prime?
False
Is 994662859 prime?
False
Is 18970577 composite?
True
Is 735617411 prime?
True
Is 2141021481 composite?
True
Is 14014927523 a composite number?
False
Is 30889757407 a composite number?
True
Is 2829695923 composite?
True
Is 48190883483 a composite number?
True
Is 839349661 a prime number?
True
Is 66393748783 composite?
True
Is 217272982 a prime number?
False
Is 2117258203 composite?
False
Is 36847296361 a prime number?
False
Is 1880650417 prime?
False
Is 2994839509 composite?
True
Is 154324967 a prime number?
True
Is 2201311037 prime?
True
Is 25055760101 composite?
True
Is 595288543 composite?
False
Is 9775485007 a prime number?
False
Is 1947238849 a prime number?
False
Is 1359081749 a prime number?
True
Is 785601281 a composite number?
False
Is 14122522955 composite?
True
Is 198766963 prime?
True
Is 1428023963 a composite number?
False
Is 265946089 a prime number?
True
Is 213124309 prime?
True
Is 192796081 a composite number?
True
Is 77005207429 a composite number?
True
Is 58267865531 prime?
True
Is 666817373 a prime number?
True
Is 7661505545 prime?
False
Is 9929718137 prime?
True
Is 27637704167 a composite number?
True
Is 87628013261 prime?
True
Is 9603541795 prime?
False
Is 340568021189 a composite number?
True
Is 1747393859 prime?
False
Is 3457965911 a prime number?
False
Is 6481131911 composite?
True
Is 20278220197 composite?
True
Is 5726629787 a prime number?
True
Is 37058060551 prime?
False
Is 1670909242 composite?
True
Is 1350173249 prime?
True
Is 9704905027 a composite number?
True
Is 2241184397 prime?
False
Is 2966049923 a prime number?
False
Is 48022279423 a composite number?
False
Is 6311664067 a composite number?
True
Is 23475774059 a composite number?
True
Is 12870235123 a prime number?
True
Is 26222082911 a prime number?
False
Is 613736107 composite?
False
Is 8243150233 a prime number?
False
Is 40284791423 composite?
False
Is 697348373 a composite number?
False
Is 791093791 a composite number?
True
Is 8578667341 prime?
False
Is 168631142 a prime number?
False
Is 2962479307 a composite number?
False
Is 29160743 composite?
False
Is 37393612771 prime?
False
Is 10191389009 prime?
False
Is 82203838063 prime?
True
Is 463411423 a composite number?
False
Is 2148612403 composite?
True
Is 1220846137 a composite number?
True
Is 44177333 a prime number?
True
Is 1421832707 a prime number?
False
Is 4056515867 prime?
False
Is 1682171041 a composite number?
False
Is 1710899059 prime?
True
Is 101138006033 prime?
True
Is 1177798883 a prime number?
True
Is 18491086721 prime?
True
Is 11241477501 composite?
True
Is 11812837541 a composite number?
True
Is 955641469 a prime number?
False
Is 172957049 composite?
False
Is 12599884477 composite?
False
Is 188942563 co